isor of 24 and a.
8
Suppose 1 = -2*t + 5. Suppose 0 = -3*g - 5*x + 207 + 58, x - 165 = -t*g. Calculate the highest common divisor of 16 and g.
16
Let u = 351 - 316. Calculate the greatest common divisor of u and 84.
7
Suppose -5*j + 0 = z - 110, j + 420 = 5*z. Calculate the greatest common divisor of z and 17.
17
Suppose 4*g - 912 = -0*g. Let i = g + -120. Let b = 174 + -162. Calculate the highest common divisor of b and i.
12
Suppose -3*p + 99 = 2*m, -6*p + 8*p = -4*m + 210. What is the highest common factor of 9 and m?
9
Suppose -14*g + 1300 = 6*g. What is the greatest common factor of 39 and g?
13
Let l = -2 + 3. Let m be (3 - l) + 4/1. Let s(p) = 3*p**2 + 26*p + 3. Let b be s(-9). Calculate the greatest common divisor of m and b.
6
Let h = 11 + -2. Let n(s) = s - 5. Let q be n(h). Calculate the highest common divisor of q and 20.
4
Suppose 0 = -0*z + 4*z - 24. Suppose z*h - 15 = h. Let t be (3 - h) + (-6 - -36). What is the greatest common divisor of t and 45?
15
Let u = 953 + -414. What is the greatest common divisor of u and 7?
7
Suppose -2004*i = -2006*i + 780. What is the greatest common divisor of i and 65?
65
Let t = 251 + -192. Calculate the highest common factor of t and 59.
59
Let i be 70/20*40/14. Let p be 9/15 - 216/i. Let v be p/(-2)*4/3. What is the highest common divisor of v and 56?
14
Suppose 0 = 4*x - 7*x + 495. Let g = 10 + -6. Suppose j + x = g*j. Calculate the greatest common divisor of 22 and j.
11
Suppose -2*x - 6*o + 72 = -7*o, 0 = o. Calculate the highest common divisor of 24 and x.
12
Let r be ((-25)/10 + 4)/((-2)/(-468)). Calculate the highest common factor of 26 and r.
13
Let p = -13 + 23. Let h = 239 - 234. Suppose 4 = -q - 2*w + 15, 3*w = h*q + p. What is the highest common factor of q and 8?
1
Let s = 83 + -78. Let a = -3 + 6. Suppose 2*b = -a*z + 56, -z + s*b + 14 - 1 = 0. Calculate the highest common divisor of 18 and z.
18
Let h(u) = -30*u + 15*u + 11*u + 7 + 40*u**3. Let r be h(2). What is the highest common factor of r and 29?
29
Let x(q) = q - 22. Let a be x(24). Suppose i + 6 - 7 = 0, 0 = a*j + i - 27. Calculate the highest common factor of j and 39.
13
Let y(r) = -r + 150. Let o be y(24). What is the highest common divisor of 105 and o?
21
Let d = -91 - -115. Let t be (-9)/(-2)*40/3. Calculate the highest common factor of t and d.
12
Let j(w) = 6*w. Let k be j(6). Suppose d = -50*p + 51*p - 12, 0 = -p - 2*d + 3. Calculate the highest common divisor of k and p.
9
Let d be ((-27)/1)/(48/64). Let h be (1 - 25)*3*6/d. What is the highest common divisor of 8 and h?
4
Let j = 72 - 61. Let c be (-706)/(-8) - (-3)/(-12). Calculate the greatest common divisor of j and c.
11
Let x(p) = -12*p - 1. Let n(a) = 24*a + 2. Let l(w) = -3*n(w) - 5*x(w). Let g be l(-1). Suppose 5*j + 138 = 578. What is the greatest common factor of g and j?
11
Let x(k) = 3*k - k - 4*k + 1 + 3*k + 9*k**2. Let p be x(-1). What is the highest common factor of p and 81?
9
Suppose -5*k - 51 - 6 = -4*i, 15 = 5*k. Suppose -88 = -5*n + 2. What is the highest common factor of n and i?
18
Let x = -11051 - -11075. Let i = 25 - -23. What is the highest common factor of x and i?
24
Suppose 5*m + 2*m = 588. Suppose 1280 = m*z - 80*z. Calculate the greatest common divisor of z and 32.
32
Suppose 0 = -2263*a + 2258*a + 25. Calculate the highest common divisor of a and 730.
5
Let p(i) = 2*i**2 - 2*i. Let g be p(2). Suppose 45*d = d + 88. Calculate the greatest common factor of d and g.
2
Suppose 0 = -2*n + 63 + 91. Let g = -36 + 39. Suppose 5*j - g*x - 57 = -8, -3 = -j + 4*x. Calculate the greatest common divisor of n and j.
11
Let a = -577 + 581. Let k(v) = -v**3 + 4*v**2 + 6*v + 3. Let q be k(5). Calculate the greatest common factor of q and a.
4
Suppose 0 = -25*b + 5778 + 97. Calculate the greatest common factor of 517 and b.
47
Suppose -19*y + 116 = 230. Let s(o) = -82*o**2 - o - 2. Let d be s(-2). Let q be 11/33 + d/y. What is the greatest common divisor of q and 22?
11
Suppose -2*z = 4*k - 78, 0 = -k - 0*k - z + 22. Let b be 2/(-11) - (-4)/22. Let d be 34/4*10 + b. Calculate the highest common factor of d and k.
17
Let i = -1934 + 2010. Let w = -47 + 85. What is the highest common divisor of w and i?
38
Suppose -76*o + 74*o - 3*a = -206, -3*o + a = -298. What is the greatest common factor of 160 and o?
20
Let z(o) be the second derivative of -5*o**4/12 + o**3/6 - o**2 + 6*o. Let q be z(4). Let l be 10/(-20)*q/1. What is the greatest common divisor of 26 and l?
13
Let d = 19 + 26. Let k be (-3)/((-3)/(-12) - 1). Suppose 26 = 2*b + k*i, -b - 4*b = -i - 21. Calculate the highest common factor of d and b.
5
Let h(z) = 3*z + 33. Suppose 19 = d + 3*r, -3*d + 3*r + 16 = d. Let b be h(d). What is the greatest common factor of b and 18?
18
Let v = 179 - 88. Suppose 5*r - 66 = d, -31*r + 36*r - 68 = 3*d. Calculate the greatest common divisor of r and v.
13
Suppose -3*f = 14 - 59. Suppose -f + 3 = -4*m. What is the greatest common divisor of m and 24?
3
Let d = -209 + 219. Calculate the highest common factor of d and 490.
10
Suppose -3*h - 7*v = -12*v - 1135, -1167 = -3*h - 3*v. Calculate the highest common factor of 15 and h.
5
Let x(f) = f**3 + 6*f**2 - 6. Let j(s) = s**2 + 9*s + 9. Let i be j(-7). Let t be x(i). Suppose 5*m - 114 = -m. Calculate the highest common divisor of t and m.
19
Suppose -2*d - 5*n + 13 = 0, d - 2*d = -3*n - 12. Suppose d + 7 = 8*z. Calculate the highest common divisor of z and 4.
2
Suppose -3*h = 6 - 45. Suppose h*a - 40 = 3*a. What is the greatest common factor of a and 3?
1
Let p(c) = -128*c - 107. Let d be p(-5). What is the greatest common divisor of d and 52?
13
Let x = 206 - 190. What is the highest common factor of x and 88?
8
Suppose -14*j = -18*j + 1316. Let w = -159 + j. Calculate the highest common factor of w and 68.
34
Let t(i) = -2*i**2 + 6*i. Let w be t(7). Let k be 4/(-6) - w/21. Suppose -k*c = -3*q - 9, -3*c + 4*q = -9 - 6. Calculate the greatest common factor of c and 18.
9
Let k(j) = j - 5. Let x be k(8). Suppose -308 = 7*c - x*c. Let d = 3 - c. What is the greatest common factor of 10 and d?
10
Suppose -24*h + 117 = -20*h - 3*t, 2*t = h - 23. Calculate the greatest common factor of h and 121.
11
Suppose 3*c = -c - 136. Let a be (-112)/(-2) + -10 + 6/3. Let f = a + c. What is the greatest common factor of f and 21?
7
Let p(c) = -5*c**2 - 6*c + 12. Let t be p(5). Let g = -81 - t. What is the greatest common factor of 93 and g?
31
Suppose 15*g = 9*g. Suppose 5*f = p - 68, 6*f - f = g. Calculate the greatest common divisor of 17 and p.
17
Let l = -49 + 49. Suppose l = 3*k + 2*k - 40. What is the greatest common divisor of 40 and k?
8
Suppose 4*d - 251 = -3*s + 37, s = -5*d + 371. What is the greatest common factor of d and 100?
25
Suppose -2*f = -356 + 156. Let i = -4 - -24. What is the highest common factor of f and i?
20
Suppose 25 = 3*u - 2. Suppose -5*x - 415 = -0*x. Let l = 155 + x. Calculate the greatest common factor of l and u.
9
Suppose 0*a = -8*a + 336. Let u = -150 - -162. Calculate the highest common factor of a and u.
6
Let a be 0/(-15) + 1 + -1 + 656. What is the highest common factor of 48 and a?
16
Suppose -3*w - 7 = -49. Suppose -r - 3*r + 64 = 0. Let x = r - w. What is the highest common factor of x and 22?
2
Let l(f) = -3*f + 102. Let r be l(0). What is the greatest common factor of 68 and r?
34
Let m = 117 - 114. Suppose -2 = -q + 4*r, -2*r - r - 24 = -m*q. Calculate the greatest common factor of q and 20.
10
Let y(k) = 45*k**2 + k. Let h be y(1). Let i = h + -64. Let b = 53 + i. What is the greatest common factor of 5 and b?
5
Let w be (-1262)/(-34) - (4/17)/2. Suppose f = -0*f + l + 16, w = 2*f + 3*l. Let p = -71 - -105. Calculate the highest common factor of f and p.
17
Suppose 4*f - 5*v - 32 + 0 = 0, 4*f = 3*v + 32. What is the greatest common divisor of f and 64?
8
Let m(q) = 4*q + 24. Let w be m(-5). Suppose 5*l = -3*k + 4*k + 226, 3*k - 177 = -w*l. Calculate the highest common factor of 15 and l.
15
Let o(x) = x**2 + 0*x**2 - x - 4 + 6*x + 0*x. Let n be o(-6). Suppose -n*w + 13 = -3. What is the greatest common factor of w and 1?
1
Suppose -51 = -3*z + 429. What is the greatest common factor of 32 and z?
32
Let m(p) = -p**3 - 16*p**2 + 23*p - 44. Let l(i) = i**3 + 2*i**2 - 3*i + 2. Le